highest common divisor of 448 and 128?
64
What is the highest common factor of 4171 and 679?
97
Calculate the greatest common divisor of 31932 and 18.
18
What is the highest common divisor of 90 and 255?
15
What is the highest common divisor of 1740 and 15?
15
Calculate the greatest common divisor of 351 and 81.
27
What is the greatest common factor of 118 and 8614?
118
Calculate the highest common factor of 800 and 75.
25
What is the greatest common divisor of 126 and 896?
14
Calculate the greatest common divisor of 528 and 4983.
33
Calculate the greatest common factor of 94 and 1410.
94
What is the greatest common divisor of 24 and 134?
2
Calculate the greatest common factor of 1520 and 38.
38
Calculate the greatest common divisor of 415 and 83.
83
Calculate the highest common factor of 12 and 28.
4
Calculate the greatest common divisor of 325 and 845.
65
Calculate the highest common factor of 304 and 64.
16
Calculate the greatest common divisor of 14766 and 276.
138
What is the greatest common divisor of 754 and 116?
58
Calculate the greatest common divisor of 4131 and 153.
153
What is the greatest common divisor of 250 and 30?
10
What is the greatest common factor of 213 and 3?
3
Calculate the greatest common divisor of 96 and 64.
32
Calculate the greatest common factor of 1184 and 32.
32
What is the greatest common divisor of 3247 and 2101?
191
What is the greatest common divisor of 18 and 36198?
18
What is the greatest common divisor of 581 and 249?
83
Calculate the greatest common factor of 3189 and 3.
3
What is the highest common divisor of 2563 and 22?
11
What is the greatest common divisor of 324 and 96?
12
What is the highest common divisor of 5 and 2?
1
Calculate the highest common divisor of 1 and 7.
1
What is the greatest common divisor of 1898 and 146?
146
Calculate the greatest common divisor of 462 and 42.
42
Calculate the highest common divisor of 4 and 92.
4
Calculate the greatest common factor of 1095 and 15.
15
What is the highest common factor of 76 and 117040?
76
Calculate the highest common divisor of 68 and 2448.
68
What is the highest common divisor of 12537 and 21?
21
What is the greatest common divisor of 1701 and 126?
63
What is the greatest common factor of 51 and 39151?
17
What is the greatest common divisor of 2354 and 44?
22
Calculate the highest common divisor of 69 and 276.
69
Calculate the greatest common factor of 80 and 1580.
20
Calculate the highest common divisor of 1416 and 177.
177
Calculate the highest common divisor of 6 and 186.
6
What is the highest common factor of 179 and 4475?
179
Calculate the highest common divisor of 31 and 2.
1
Calculate the greatest common divisor of 112 and 2632.
56
Calculate the highest common divisor of 6 and 17.
1
Calculate the highest common divisor of 48 and 2256.
48
What is the greatest common divisor of 248 and 808?
8
What is the greatest common divisor of 589 and 361?
19
What is the highest common divisor of 10 and 7100?
10
What is the highest common divisor of 79 and 1817?
79
Calculate the highest common divisor of 21 and 35.
7
What is the greatest common divisor of 251 and 39407?
251
Calculate the highest common factor of 190 and 38.
38
Calculate the highest common factor of 1921 and 791.
113
Calculate the greatest common factor of 262 and 2.
2
Calculate the highest common divisor of 150 and 6.
6
Calculate the highest common divisor of 136 and 442.
34
Calculate the highest common factor of 5586 and 686.
98
What is the highest common factor of 59 and 1829?
59
What is the greatest common divisor of 84 and 3108?
84
What is the greatest common factor of 5494 and 246?
82
What is the highest common divisor of 27 and 351?
27
Calculate the greatest common divisor of 2 and 16.
2
What is the highest common divisor of 80 and 65?
5
What is the highest common divisor of 66 and 23826?
66
What is the greatest common factor of 483 and 231?
21
Calculate the greatest common factor of 338 and 26.
26
Calculate the greatest common divisor of 1326 and 273.
39
What is the greatest common factor of 25 and 1325?
25
What is the highest common divisor of 1072 and 304?
16
Calculate the highest common factor of 30 and 114150.
30
What is the greatest common divisor of 1677 and 39?
39
Calculate the highest common divisor of 1504 and 96.
32
What is the greatest common divisor of 223 and 5?
1
What is the greatest common divisor of 56 and 644?
28
Calculate the highest common divisor of 24 and 16.
8
What is the greatest common factor of 4 and 1644?
4
What is the greatest common factor of 1235 and 1520?
95
Calculate the highest common factor of 9514 and 568.
142
What is the greatest common divisor of 4002 and 174?
174
Calculate the greatest common factor of 4012 and 204.
68
What is the highest common factor of 8660 and 60?
20
Calculate the greatest common factor of 285 and 45.
15
Calculate the highest common divisor of 91 and 481.
13
Calculate the highest common divisor of 171 and 72.
9
Calculate the greatest common divisor of 33 and 99.
33
What is the highest common divisor of 465 and 30?
15
What is the greatest common factor of 3488 and 327?
109
Calculate the highest common factor of 285 and 1539.
57
What is the greatest common divisor of 63 and 81?
9
What is the greatest common factor of 38 and 361?
19
What is the greatest common factor of 1581 and 51?
51
Calculate the greatest common factor of 1267 and 543.
181
Calculate the highest common divisor of 42 and 308.
14
What is the highest common factor of 170 and 110?
10
Calculate the greatest common divisor of 64 and 1616.
16
Calculate the greatest common factor of 42 and 735.
21
What is the highest common divisor of 82 and 123?
41
Calculate the greatest common factor of 54 and 306.
18
What is the highest common divisor of 602 and 28?
14
Calculate the highest common divisor of 200 and 3240.
40
Calculate the highest common factor of 29 and 12238.
29
Calculate the greatest common factor of 126 and 6.
6
Calculate the greatest common factor of 84 and 21924.
84
Calculate the greatest common factor of 58 and 1566.
58
What is the highest common divisor of 154 and 968?
22
Calculate the greatest common divisor of 126 and 840.
42
What is the greatest common divisor of 56 and 128?
8
What is the greatest common divisor of 42 and 1743?
21
What is the highest common divisor of 1543 and 1?
1
What is the greatest common factor of 335 and 3149?
67
What is the highest common factor of 172 and 16?
4
Calculate the greatest common divisor of 188 and 7661.
47
What is the greatest common divisor of 936 and 21?
3
What is the greatest common factor of 1691 and 19?
19
What is the greatest common divisor of 110 and 22?
22
What is the highest common factor of 6736 and 32?
16
Calculate the greatest common divisor of 56 and 161.
7
What is the highest common factor of 796 and 8?
4
What is the highest common factor of 336 and 6?
6
Calculate the greatest common factor of 1011 and 3.
3
What is the greatest common factor of 60 and 165?
15
What is the greatest common divisor of 312 and 2904?
24
What is the highest common divisor of 160 and 380?
20
What is the greatest common divisor of 114 and 627?
57
What is the greatest common divisor of 55 and 187?
11
Calculate the highest common divisor of 52 and 4.
4
Calculate the greatest common divisor of 8 and 3584.
8
Calculate the highest common factor of 27 and 22608.
9
What is the highest common divisor of 8083 and 413?
59
What is the greatest common divisor of 21 and 357?
21
Calculate the greatest common divisor of 16 and 656.
16
Calculate the highest common factor of 65 and 156.
13
What is the greatest common divisor of 27 and 288?
9
Calculate the highest common divisor of 2682 and 18.
18
Calculate the greatest common divisor of 108 and 675.
27
Calculate the greatest common factor of 160 and 32.
32
Calculate the highest common factor of 182 and 14.
14
What is the highest common divisor of 3318 and 84?
42
Calculate the highest common factor of 20 and 205.
5
What is the highest common divisor of 2471 and 42?
7
Calculate the highest common divisor of 18016 and 96.
32
What is the highest common factor of 8349 and 552?
69
Calculate the highest common factor of 17760 and 74.
74
Calculate the greatest common factor of 142 and 20519.
71
Wh